What is z(-2)?
-6
Suppose 0 = -2*x - 4*q + 26, 5*x - 2*q = 2*q - 5. Let d = -3 + 6. Let g(z) = -d - z - z + 0*z - 2*z**2 + 7*z. What is g(x)?
-6
Let r(g) = -7*g**2 + 4 + 3*g - 3*g - 7*g + g**3 - 12. Determine r(8).
0
Suppose -s + 12 = s. Let t be 2/s + (-7)/3. Let m(w) = 5*w - 1. Calculate m(t).
-11
Let n be -1*((-6)/2)/1. Suppose -n*o - 3 = 3*d, 0*o - 13 = o - 2*d. Let x(k) = -5*k - 6*k**2 - 5*k**3 - 7 + 3*k**3 + k**3. Calculate x(o).
-7
Let k(q) = q**3 - 2*q**2 - q - 7. Let t be k(3). Let n(z) = -9*z. What is n(t)?
9
Let x(c) be the first derivative of -c**3/3 - 3*c**2/2 + 7. Calculate x(-3).
0
Let w = -2 - 4. Let k be 2/(-1*w/(-3)). Let r(d) be the first derivative of -9*d**4/4 + d**2/2 + 9. Calculate r(k).
8
Let z(y) = y**3 + 5*y**2 + y + 7. Let g be ((-1)/(-2) + -4)*-4. Suppose -6*d - 44 = -g. What is z(d)?
2
Suppose 0 = -10*q + 9*q. Suppose -g + q*g = -1. Let h(i) = -3*i + 1. Calculate h(g).
-2
Let r(f) be the second derivative of -f**7/2520 + f**6/120 - f**5/20 + f**4/3 + 3*f. Let y(z) be the third derivative of r(z). Determine y(4).
2
Let i(a) be the second derivative of -a**4/12 - 2*a**3/3 + 3*a**2/2 + a. Let d(n) = 7*n + 66. Let x be d(-10). Calculate i(x).
3
Suppose 0 = -22*c + 25*c + 27. Let l(i) = i**3 + 10*i**2 + 9*i - 11. Give l(c).
-11
Let y(z) be the third derivative of -z**4/24 - 5*z**2. Give y(-5).
5
Let j(k) be the second derivative of k**7/840 + k**6/72 + k**5/40 + k**4/24 - k**3 + k. Let z(u) be the second derivative of j(u). Give z(-2).
7
Let b(h) be the second derivative of h**3/6 + 4*h**2 + 6*h. Give b(-6).
2
Let x(a) = -a**2 - 5*a + 16. Let g be x(-7). Let k(w) = -w**3 - w + 1. Calculate k(g).
-9
Let d(y) be the third derivative of 2*y**2 + 1/60*y**6 + 0*y - 1/6*y**3 + 0*y**4 + 1/30*y**5 + 0. What is d(-1)?
-1
Let v(m) = m + 10. Let t(b) = 3*b + 29. Let j(g) = -6*t(g) + 17*v(g). Let p be (-2 - -1)/((-6)/66). Suppose 4*h + 3*q = -p, 5*h - 2*h = -5*q. Determine j(h).
1
Suppose 3*m - 2*h + 9 = 0, 7*h = m + 3*h - 7. Let k(g) = g**3 + 5*g**2 + 1. Determine k(m).
1
Let a(t) = t**3 + 5*t**2 + 3. Let c be a(-5). Let l(u) = 2*u + 17. Let r be l(-7). Let w(h) = -1 - c*h + h**3 - r*h + 4 - 4*h**2. What is w(5)?
-2
Let h(y) be the third derivative of 0*y + 2/3*y**3 + 0*y**4 - 1/60*y**5 - 2*y**2 + 0. Let a be h(3). Let s(n) = -3*n - 7. What is s(a)?
8
Let b(v) be the second derivative of v**3/3 - 7*v**2/2 + 3*v. Determine b(6).
5
Suppose -c + 3*q - 3 = -3*c, -c = 2*q. Let i(r) be the second derivative of r**3/3 - 7*r**2/2 - 3*r. Determine i(c).
5
Suppose q - 5 = 17. Suppose 0 = -4*n + x - 16, q = -5*n + 4*x - 9. Let p(g) = g**2 + 6*g. Determine p(n).
-9
Suppose -u + 0 = -5*y + 2, 4*u - 5*y - 7 = 0. Let a(r) = -r**3 + r**2 + 3*r - 4. Determine a(u).
-13
Let l(u) = -u - 6. Let f(y) = y + 1. Let v(n) = 4*f(n) + l(n). What is v(2)?
4
Let q be (16/12)/((-1)/(-3)). Let o(x) = q - x**2 - 4 + 3*x - 3 + 0. Suppose 3*r = 9 - 0. Calculate o(r).
-3
Let a(z) = -z**2 + 7*z - 7. Let q be a(5). Let b = q - 7. Let i(g) = -g**2 - 5*g - 2. Let x(j) = j**2 + 5*j + 3. Let t(m) = 3*i(m) + 4*x(m). What is t(b)?
2
Let n(k) = -5*k - 4. Let m(x) = -4*x - 5. Let t(h) = 3*m(h) - 2*n(h). Suppose 0 = -y + 2*l - 6, 0*l + l = 3. Suppose 5*p - 9*p - 24 = y. Determine t(p).
5
Suppose 6 = -5*h + 4*q, 2*q + 0 = 5*h - 2. Let d(x) = 4*x + h - 2*x - x. Give d(0).
2
Suppose 30 = 3*c - 8*c. Let p be (c/(-1))/(-2)*-1. Let f(u) = 4*u**3 - 3*u**2 - u - 8. Let z(j) = j**3 - j**2 - 2. Let h(s) = -2*f(s) + 9*z(s). Determine h(p).
4
Let a(d) = -d**3 - 11*d**2 + 11*d - 10. Let u be a(-12). Let n(k) = 1 - 3*k**2 + 2*k + 2 - 1. Give n(u).
-6
Let r(k) = -k - 1. Let d(t) = 3*t**2 - 2. Let x be d(0). Give r(x).
1
Let a(g) = 4 - g**2 + 1 + 6*g - 2. Let r be a(6). Suppose -m + 2*h = -r, 0 - 4 = -3*m + h. Let f(q) = 6*q - 1. What is f(m)?
5
Let j(l) = -l - 7. Let u(o) be the first derivative of -o**3/3 - 2*o**2 + 5*o - 1. Let f be u(-5). What is j(f)?
-7
Let j(d) be the third derivative of d**6/120 + 7*d**5/60 + 5*d**4/24 + 7*d**3/6 - 3*d**2. Calculate j(-6).
13
Let r(i) = -i**3 + 9*i**2 - 9*i - 4. Let s(z) = z**3 - 9*z**2 + 10*z + 5. Let t(x) = 3*r(x) + 2*s(x). Calculate t(8).
6
Let l(a) = 7*a**3 + 3*a**2 - 5*a - 19. Let q(o) = -10*o**3 - 4*o**2 + 7*o + 28. Let f(k) = 7*l(k) + 5*q(k). Suppose 2*g = -3*g. What is f(g)?
7
Let a(z) be the first derivative of -z**4/4 - 5*z**3/3 + z**2 - 4*z - 5. Give a(-5).
-14
Suppose -2*s - 5 = -3*s. Let p = -2 + s. Suppose p*q + 4*v - 5*v - 11 = 0, -2*q - 3*v = -11. Let i(a) = a**3 - 4*a**2 - 2*a + 6. Calculate i(q).
-2
Let j be (-2 - 0/(-3))*-2. Let q(w) = -j + 4 - 10*w + 8*w. What is q(-5)?
10
Let v be 20*(60/(-16) - -4). Let a(k) = -3*k + 0*k**3 + k**3 - 4*k**2 + v + 1 + 0*k**3. Calculate a(4).
-6
Let f be (1 - -3)*(0 - -1). Let i(d) = -d**3 + 3*d**2 + 5*d + 3. Give i(f).
7
Suppose -2 + 26 = -4*c. Let n be (-26)/6 + (-2)/c. Let d(t) = -2 + 2 + 2*t + 1. Determine d(n).
-7
Let j(f) = -f**2 + f + 3. Let k be j(0). Suppose 0 = g + k + 30. Let q be (-1)/(-3) + g/(-9). Let n(o) = o**3 - 3*o**2 - 5*o - 1. Determine n(q).
-5
Let d(f) = f - 1. Let b be d(3). Let q(i) = -5*i + 2 + 0 - 2*i**b + 2*i + 3*i**2. Calculate q(3).
2
Let t(k) = -k**2 - k + 6. Let y be t(0). Let z(p) = -3*p + 9. Give z(y).
-9
Let p(v) = -v**2 - 6*v + 9. Let t(q) = q - 1. Suppose 3*c + 18 = -0*c. Let i(f) = c*t(f) - p(f). Calculate i(-4).
13
Let u(v) = -27*v**2 + 29*v**2 + 7*v + 1 - 2. What is u(-5)?
14
Let z(g) = -g**2 - 7*g + 3. Let v = -16 - -15. Let d = -7 - v. What is z(d)?
9
Suppose 16*p = 15*p + 1. Let s(x) be the first derivative of -p + 3*x + 3/2*x**2 - x**3 - 1/4*x**4. Give s(-2).
-7
Let t(a) = 7*a**3 + 2*a - 1. Let r(l) = l + 5. Let c be r(-3). Let k = -1 + c. Determine t(k).
8
Let q(h) be the first derivative of 3*h**2/2 - 3*h + 6. Suppose 0*p - x + 1 = p, 2*x + 16 = 4*p. Give q(p).
6
Let d(i) be the second derivative of i**4/6 - i**3/6 + i**2 - 3*i + 1. Determine d(-2).
12
Suppose -t + x = 10, 0*x - 12 = -3*x. Let o(j) = -1. Let i(d) = 11*d - 7. Let w(q) = t*o(q) + i(q). Determine w(-1).
-12
Let j(t) be the first derivative of -t**3/3 + t**2 - t - 6. Let o be j(3). Let s(l) = 2*l - 2. Determine s(o).
-10
Suppose 0 = -3*c + c + 4. Let q(a) = 7*a**c + 2 + 6*a - 5*a**2 - a**2. Determine q(-5).
-3
Let s(n) be the third derivative of -n**4/4 - n**3/6 + 2*n**2. Let o(d) = -d**3 - 5*d**2 - 4*d + 1. Let x be o(-4). Let l be x/3 + 6/9. What is s(l)?
-7
Let m(p) = -5*p**3 + 10*p**2 + p - 6. Let y(r) = -6*r**3 + 11*r**2 + r - 6. Let g(o) = 5*m(o) - 4*y(o). Let x = 56 + -50. Determine g(x).
0
Let g(f) be the first derivative of -8*f - 1/3*f**3 - 1 - 7/2*f**2. Suppose 4*c - 4*l = -8, 1 = -3*c + 4*l - 1. Determine g(c).
-2
Let j be (4 + (-111)/12)*12/(-9). Let u(s) = 3*s - 7. What is u(j)?
14
Let z(s) = s**3 + s + 15. Let b(o) = 4*o - 28. Let n be b(7). Determine z(n).
15
Let b(h) be the second derivative of h**4/4 - 4*h**3/3 + 2*h**2 + 3*h. Let n(a) = 2*a**2 - 4*a + 2. Let v(z) = -3*b(z) + 5*n(z). Determine v(-4).
-2
Let w(g) = -12*g**2 - 4 + 6 - 3. Determine w(-1).
-13
Suppose 0 = p + n - 0*n - 20, 3*n = -p + 20. Let b(q) = q**3 + 13*q + 5*q**2 + 0*q**3 - 3 - p*q. What is b(-6)?
3
Let j(o) = 11*o**2 - 11. Let d(q) = 5*q**2 - 5. Suppose 29 = -v - 5*f, 0*v + 5*f = v - 21. Let s(c) = v*j(c) + 9*d(c). What is s(-2)?
3
Let l(b) = 4*b**3 + 8*b + 1. Let y(r) = 3*r**3 + r**2 + 7*r + 2. Let i(x) = 4*l(x) - 5*y(x). What is i(6)?
12
Suppose -w - 2 + 0 = 0. Let a be w/(-6) + 84/18. Suppose -4*h - 5 = z + 5, 0 = -5*h - a*z - 20. Let q(y) = -2*y - 3. Calculate q(h).
1
Let i(o) = -6*o**3 + o + 6*o**2 + 8*o**3 - 1 + 6*o**3 + o**3. Let n(z) = -10*z**3 - 7*z**2 - z + 1. Let t(g) = 6*i(g) + 5*n(g). What is t(1)?
5
Let k = -6 - -11. Let l(b) = -b**3 + 6*b**2 - 3*b - 7. Let s be l(k). Let t(z) = z**3 - 4*z**2 + 4*z - 2. Let f be t(s). Let w(n) = 5*n. Give w(f).
5
Let j(k) = k**3 - 6*k**2 - 8*k + 10. Let s(x) = -x**3 + 3*x**2 + 2*x + 1. Let v be s(3). What is j(v)?
3
Let x(v) = -v**3 + 5*v**2 - 4*v + 4. Let f be x(4). Let g(q) = q - 11. Let z be g(12). Let w(t) = z + 2 + 1 - 2*t. Determine w(f).
-4
Let f = -24 + 26. Let z(r) = -2*r**2 - f*r + 3*r - 3 + 4. Calculate z(3).
-14
Let g(j) be the third derivative of -j**9/60480 + j**8/6720 + j**7/1008 + j**6/720 + j**5/60 - 2*j**2. Let r(b) be the third deriv